millions digit of 74014390?
7
What is the ten millions digit of 1727696427?
2
What is the ten millions digit of 6477988430?
7
What is the ten thousands digit of 1032964417?
6
What is the thousands digit of 107170004?
0
What is the thousands digit of 2013874989?
4
What is the hundreds digit of 1179195928?
9
What is the hundred thousands digit of 51697818?
6
What is the thousands digit of 1188655371?
5
What is the units digit of 45222412?
2
What is the millions digit of 2171921239?
1
What is the hundreds digit of 719915765?
7
What is the tens digit of 382124866?
6
What is the hundreds digit of 243865231?
2
What is the ten thousands digit of 23646611?
4
What is the ten millions digit of 583350841?
8
What is the tens digit of 123925265?
6
What is the millions digit of 28561490?
8
What is the ten thousands digit of 46157505?
5
What is the hundreds digit of 446633425?
4
What is the hundreds digit of 26163112?
1
What is the thousands digit of 194555096?
5
What is the thousands digit of 1278961946?
1
What is the millions digit of 2605484748?
5
What is the ten millions digit of 1427639248?
2
What is the ten millions digit of 17503858?
1
What is the thousands digit of 2007958465?
8
What is the ten thousands digit of 3374540309?
4
What is the hundred millions digit of 236354924?
2
What is the hundred thousands digit of 163199217?
1
What is the hundred millions digit of 230531589?
2
What is the ten millions digit of 291563479?
9
What is the millions digit of 146056823?
6
What is the hundred millions digit of 1594942916?
5
What is the ten thousands digit of 134370637?
7
What is the ten millions digit of 24312346?
2
What is the units digit of 348528751?
1
What is the hundred thousands digit of 5806102?
8
What is the tens digit of 105861063?
6
What is the tens digit of 3427052548?
4
What is the millions digit of 51279927?
1
What is the ten thousands digit of 47015358?
1
What is the ten millions digit of 60665054?
6
What is the millions digit of 42489136?
2
What is the millions digit of 4647789499?
7
What is the hundred thousands digit of 3195611102?
6
What is the hundreds digit of 22823370?
3
What is the millions digit of 21779264?
1
What is the hundred thousands digit of 437541584?
5
What is the thousands digit of 4656382954?
2
What is the units digit of 7113591892?
2
What is the ten millions digit of 70933061?
7
What is the thousands digit of 5780260?
0
What is the units digit of 124840457?
7
What is the ten thousands digit of 24323000?
2
What is the millions digit of 4901109136?
1
What is the ten thousands digit of 2867995541?
9
What is the units digit of 5459704?
4
What is the ten thousands digit of 407637160?
3
What is the tens digit of 6877071?
7
What is the hundred thousands digit of 80475155?
4
What is the hundred millions digit of 130602517?
1
What is the hundreds digit of 56488385?
3
What is the millions digit of 3156993076?
6
What is the hundreds digit of 1424485815?
8
What is the millions digit of 6384082?
6
What is the tens digit of 145504347?
4
What is the ten millions digit of 201335724?
0
What is the tens digit of 155983254?
5
What is the units digit of 41129501?
1
What is the tens digit of 131356192?
9
What is the ten thousands digit of 177802668?
0
What is the hundred millions digit of 665381198?
6
What is the tens digit of 7354628?
2
What is the hundred thousands digit of 73860624?
8
What is the hundreds digit of 651626715?
7
What is the thousands digit of 45157975?
7
What is the hundreds digit of 92596563?
5
What is the units digit of 59309096?
6
What is the millions digit of 1839040685?
9
What is the hundreds digit of 4559042856?
8
What is the ten thousands digit of 3057933445?
3
What is the millions digit of 12165062?
2
What is the millions digit of 46444528?
6
What is the units digit of 2166411789?
9
What is the units digit of 5196569237?
7
What is the hundreds digit of 56104714?
7
What is the ten millions digit of 4690003052?
9
What is the millions digit of 116992545?
6
What is the millions digit of 58368202?
8
What is the hundred thousands digit of 658960410?
9
What is the hundred thousands digit of 1082023000?
0
What is the hundred millions digit of 200528821?
2
What is the millions digit of 232014963?
2
What is the thousands digit of 57175514?
5
What is the thousands digit of 72320610?
0
What is the tens digit of 1493438597?
9
What is the hundreds digit of 106143207?
2
What is the thousands digit of 449218113?
8
What is the hundreds digit of 178911143?
1
What is the hundred thousands digit of 113115173?
1
What is the thousands digit of 4643156207?
6
What is the thousands digit of 156751413?
1
What is the thousands digit of 192077007?
7
What is the hundred millions digit of 415465577?
4
What is the millions digit of 91188140?
1
What is the units digit of 51660144?
4
What is the thousands digit of 6673822048?
2
What is the billions digit of 3074620348?
3
What is the millions digit of 128971778?
8
What is the millions digit of 528587232?
8
What is the hundred millions digit of 854390203?
8
What is the thousands digit of 50062811?
2
What is the tens digit of 3050293195?
9
What is the millions digit of 64558418?
4
What is the hundred millions digit of 3478105714?
4
What is the millions digit of 124509692?
4
What is the units digit of 903504375?
5
What is the millions digit of 1532548031?
2
What is the units digit of 639391851?
1
What is the ten millions digit of 162648207?
6
What is the hundreds digit of 2291149203?
2
What is the tens digit of 27625420?
2
What is the hundred thousands digit of 266294797?
2
What is the hundreds digit of 24814911?
9
What is the millions digit of 3343885?
3
What is the thousands digit of 364722708?
2
What is the units digit of 730355534?
4
What is the ten millions digit of 79093379?
7
What is the hundred thousands digit of 343313372?
3
What is the ten thousands digit of 103088948?
8
What is the hundred millions digit of 451702143?
4
What is the hundred thousands digit of 120544592?
5
What is the ten thousands digit of 907322603?
2
What is the hundred millions digit of 2309129345?
3
What is the hundreds digit of 3931166083?
0
What is the ten millions digit of 68297431?
6
What is the ten thousands digit of 330006411?
0
What is the tens digit of 2954917373?
7
What is the hundred thousands digit of 42500910?
5
What is the ten millions digit of 75092247?
7
What is the tens digit of 850977404?
0
What is the tens digit of 2024486174?
7
What is the thousands digit of 23803419?
3
What is the ten thousands digit of 446697945?
9
What is the hundred thousands digit of 72998171?
9
What is the ten thousands digit of 114930004?
3
What is the ten millions digit of 3690560696?
9
What is the hundred thousands digit of 845144947?
1
What is the hundreds digit of 2275056?
0
What is the millions digit of 3545365219?
5
What is the units digit of 43124581?
1
What is the hundreds digit of 67536218?
2
What is the millions digit of 104708659?
4
What is the millions digit of 140744202?
0
What is the units digit of 70830579?
9
What is the hundred millions digit of 134568103?
1
What is the hundred millions digit of 608201403?
6
What is the hundred millions digit of 854807423?
8
What is the ten thousands digit of 202995974?
9
What is the units digit of 26359350?
0
What is the ten millions digit of 1517756549?
1
What is the ten millions digit of 87844036?
8
What is the millions digit of 593193799?
3
What is the hundred thousands digit of 22115192?
1
What is the hundreds digit of 315683722?
7
What is the hundreds digit of 14866747?
7
What is the hundred thousands digit of 392881210?
8
What is the ten millions digit of 124817106?
2
What is the ten thousands digit of 1047742431?
4
What is the hundred thousands digit of 23780741?
7
What is the units digit of 118971319?
9
What is the millions digit of 2236783163?
6
What is the hundred thousands digit of 4006902878?
9
What is the ten millions digit of 76030831?
7
What is the hundred millions digit of 2754543553?
7
What is the units digit of 241733644?
4
What is the hundreds digit of 1303514846?
8
What is the units digit of 29968856?
6
What is the tens digit of 31898169?
6
What is the ten millions digit of 2447444157?
4
What is the hundreds digit of 40147768?
7
What is the millions digit o